st the prime factors of 15706.
2, 7853
List the prime factors of 460.
2, 5, 23
List the prime factors of 39639.
3, 73, 181
What are the prime factors of 1434?
2, 3, 239
List the prime factors of 83869.
83869
What are the prime factors of 17574?
2, 3, 29, 101
What are the prime factors of 2489?
19, 131
List the prime factors of 54478.
2, 27239
What are the prime factors of 13496?
2, 7, 241
List the prime factors of 3154.
2, 19, 83
What are the prime factors of 381?
3, 127
List the prime factors of 5705.
5, 7, 163
What are the prime factors of 9315?
3, 5, 23
What are the prime factors of 1053?
3, 13
List the prime factors of 41902.
2, 7, 41, 73
List the prime factors of 8884.
2, 2221
What are the prime factors of 195?
3, 5, 13
What are the prime factors of 3174?
2, 3, 23
List the prime factors of 42770.
2, 5, 7, 13, 47
List the prime factors of 32205.
3, 5, 19, 113
What are the prime factors of 3234?
2, 3, 7, 11
List the prime factors of 7855.
5, 1571
What are the prime factors of 21654?
2, 3, 401
What are the prime factors of 792?
2, 3, 11
List the prime factors of 1598.
2, 17, 47
List the prime factors of 2385.
3, 5, 53
What are the prime factors of 26939?
11, 31, 79
List the prime factors of 21956.
2, 11, 499
List the prime factors of 64377.
3, 23, 311
List the prime factors of 25245.
3, 5, 11, 17
What are the prime factors of 2362?
2, 1181
List the prime factors of 10012.
2, 2503
What are the prime factors of 1717?
17, 101
What are the prime factors of 19723?
11, 163
What are the prime factors of 147?
3, 7
What are the prime factors of 469?
7, 67
List the prime factors of 11608.
2, 1451
List the prime factors of 6885.
3, 5, 17
List the prime factors of 357.
3, 7, 17
List the prime factors of 45562.
2, 11, 19, 109
List the prime factors of 2896.
2, 181
List the prime factors of 103114.
2, 11, 43, 109
What are the prime factors of 62?
2, 31
List the prime factors of 162824.
2, 20353
List the prime factors of 12435.
3, 5, 829
What are the prime factors of 57225?
3, 5, 7, 109
List the prime factors of 14157.
3, 11, 13
List the prime factors of 11995.
5, 2399
What are the prime factors of 2734?
2, 1367
What are the prime factors of 28699?
11, 2609
List the prime factors of 4964.
2, 17, 73
What are the prime factors of 1265?
5, 11, 23
What are the prime factors of 161057?
13, 953
List the prime factors of 33.
3, 11
What are the prime factors of 5935?
5, 1187
What are the prime factors of 24188?
2, 6047
List the prime factors of 24957.
3, 47, 59
List the prime factors of 8310.
2, 3, 5, 277
What are the prime factors of 4185?
3, 5, 31
What are the prime factors of 10663?
10663
What are the prime factors of 20370?
2, 3, 5, 7, 97
What are the prime factors of 438?
2, 3, 73
List the prime factors of 2701.
37, 73
List the prime factors of 3751.
11, 31
What are the prime factors of 321?
3, 107
List the prime factors of 5181.
3, 11, 157
List the prime factors of 1357.
23, 59
List the prime factors of 3162.
2, 3, 17, 31
List the prime factors of 3768.
2, 3, 157
What are the prime factors of 2420?
2, 5, 11
What are the prime factors of 4065?
3, 5, 271
What are the prime factors of 2413?
19, 127
List the prime factors of 4786.
2, 2393
What are the prime factors of 101126?
2, 59, 857
What are the prime factors of 27325?
5, 1093
List the prime factors of 2934.
2, 3, 163
What are the prime factors of 1176?
2, 3, 7
List the prime factors of 101958.
2, 3, 16993
What are the prime factors of 32434?
2, 16217
List the prime factors of 26533.
13, 157
What are the prime factors of 134710?
2, 5, 19, 709
List the prime factors of 122.
2, 61
What are the prime factors of 66074?
2, 33037
List the prime factors of 31091.
31091
List the prime factors of 3460.
2, 5, 173
List the prime factors of 988.
2, 13, 19
What are the prime factors of 477?
3, 53
List the prime factors of 8061.
3, 2687
List the prime factors of 17374.
2, 7, 17, 73
List the prime factors of 12222.
2, 3, 7, 97
List the prime factors of 7475.
5, 13, 23
List the prime factors of 10254.
2, 3, 1709
List the prime factors of 3550.
2, 5, 71
List the prime factors of 6995.
5, 1399
List the prime factors of 3236.
2, 809
What are the prime factors of 415?
5, 83
What are the prime factors of 3071?
37, 83
What are the prime factors of 71?
71
What are the prime factors of 4520?
2, 5, 113
List the prime factors of 123451.
41, 3011
What are the prime factors of 194?
2, 97
What are the prime factors of 33567?
3, 67, 167
What are the prime factors of 20058?
2, 3, 3343
List the prime factors of 35356.
2, 8839
What are the prime factors of 11179?
7, 1597
What are the prime factors of 4670?
2, 5, 467
List the prime factors of 4160.
2, 5, 13
List the prime factors of 18367.
18367
What are the prime factors of 253?
11, 23
What are the prime factors of 808?
2, 101
What are the prime factors of 3530?
2, 5, 353
What are the prime factors of 1582?
2, 7, 113
What are the prime factors of 1255?
5, 251
List the prime factors of 7792.
2, 487
What are the prime factors of 798?
2, 3, 7, 19
What are the prime factors of 4774?
2, 7, 11, 31
List the prime factors of 6546.
2, 3, 1091
List the prime factors of 1515.
3, 5, 101
What are the prime factors of 21091?
7, 23, 131
List the prime factors of 719.
719
What are the prime factors of 9003?
3, 3001
What are the prime factors of 13274?
2, 6637
What are the prime factors of 62644?
2, 15661
What are the prime factors of 1274?
2, 7, 13
List the prime factors of 1716.
2, 3, 11, 13
What are the prime factors of 435?
3, 5, 29
What are the prime factors of 1604?
2, 401
What are the prime factors of 3137?
3137
List the prime factors of 1881.
3, 11, 19
What are the prime factors of 3180?
2, 3, 5, 53
List the prime factors of 5713.
29, 197
List the prime factors of 2352.
2, 3, 7
What are the prime factors of 731?
17, 43
List the prime factors of 4343.
43, 101
List the prime factors of 10726.
2, 31, 173
List the prime factors of 260.
2, 5, 13
List the prime factors of 65710.
2, 5, 6571
What are the prime factors of 16484?
2, 13, 317
What are the prime factors of 7720?
2, 5, 193
What are the prime factors of 4572?
2, 3, 127
List the prime factors of 14044.
2, 3511
What are the prime factors of 81891?
3, 337
List the prime factors of 2822.
2, 17, 83
List the prime factors of 9622.
2, 17, 283
What are the prime factors of 66?
2, 3, 11
List the prime factors of 92.
2, 23
What are the prime factors of 5237?
5237
What are the prime factors of 540?
2, 3, 5
List the prime factors of 1694.
2, 7, 11
List the prime factors of 1507.
11, 137
What are the prime factors of 17661?
3, 7, 29
What are the prime factors of 3492?
2, 3, 97
What are the prime factors of 786?
2, 3, 131
What are the prime factors of 69833?
69833
List the prime factors of 499.
499
What are the prime factors of 1410?
2, 3, 5, 47
List the prime factors of 1665.
3, 5, 37
What are the prime factors of 1620?
2, 3, 5
What are the prime factors of 684?
2, 3, 19
What are the prime factors of 5727?
3, 23, 83
List the prime factors of 1484.
2, 7, 53
What are the prime factors of 2359?
7, 337
List the prime factors of 171.
3, 19
What are the prime factors of 364?
2, 7, 13
What are the prime factors of 3141?
3, 349
List the prime factors of 9.
3
List the prime factors of 1275.
3, 5, 17
What are the prime factors of 142?
2, 71
List the prime factors of 210.
2, 3, 5, 7
List the prime factors of 64463.
7, 9209
What are the prime factors of 817?
19, 43
List the prime factors of 9800.
2, 5, 7
List the prime factors of 36118.
2, 18059
What are the prime factors of 18238?
2, 11, 829
List the prime factors of 772.
2, 193
What are the prime factors of 57621?
3, 19207
List the prime factors of 73355.
5, 17, 863
What are the prime factors of 85?
5, 17
What are the prime factors of 38212?
2, 41, 233
List the prime factors of 4883.
19, 257
What are the prime factors of 68064?
2, 3, 709
List the prime factors of 666.
2, 3, 37
What are the prime factors of 1368?
2, 3, 19
List the prime factors of 1032.
2, 3, 43
List the prime factors of 37483.
37483
List the prime factors of 152.
2, 19
List the prime factors of 116078.
2, 127, 457
List the prime factors of 1508.
2, 13, 29
List the prime factors of 47.
47
What are the prime factors of 2201?
31, 71
What are the prime